7 + 13 + -1.
42
-90 + -106 + 22 + 69
-105
(16 - -7) + (-9 - -3) + -4
13
What is the value of -103 - -117 - (-36 - -32 - (-8 + 0 + 2))?
12
148 + (-86 + -40 - 142)
-120
What is the value of (10 + -12 - (4 + -25 + 29)) + -38?
-48
Calculate (3 - -6) + -22 + 38 + 3.
28
What is the value of (47 - 36) + 20 - (5 - 0)?
26
What is -73 - (0 + 10 - ((-14 + 6 - -1) + 12))?
-78
Calculate (207 - 195) + (0 - (6 - -20)).
-14
What is the value of 93 - 65 - (2 - 37 - -16)?
47
Evaluate -36 - (-67 + -36 + 57).
10
Calculate 1 - 3 - 16 - (-42 - (-16 + -38)) - -9.
-21
Calculate 47 - (-15 - (-33 - -16 - -24)).
69
(7 - -10) + -184 + 125
-42
What is the value of 12 - ((-8 - -32) + (3 - 2)) - 5?
-18
Calculate -20 + (-105 - -57) + 45.
-23
Evaluate -4 + (13 - 49) + 21.
-19
What is the value of 4 - (45 + -46 - -9)?
-4
What is the value of (4 - 59) + -1 - (-31 + 28 + 8)?
-61
Evaluate 7 - (112 + 2 - (-252 - -272)).
-87
0 + -13 - (10 - (18 + (10 - (9 - -20))))
-24
Calculate (118 + (-34 - 23) - (1 - -9)) + -12.
39
What is the value of (3 - 2) + -1 - (1 - 2) - 36?
-35
What is (30 - 7) + -42 + -3 + 2 + -8?
-28
What is -1 + -18 - (12 + -73 + 69 + 71)?
-98
What is 113 + (80 - 195) + (7 - 3)?
2
109 - (-29 + (44 - 35) + 45)
84
Evaluate 2 + -2 + -22 - (-17 - 24 - -50).
-31
What is the value of (11 - 12) + -13 + (139 - 53)?
72
Evaluate -5 - -26 - (-89 - -17 - 20).
113
9 + (28 - 9) + -8 + -16
4
What is -79 + -18 + 28 + -10 + 6 + 15?
-58
(21 - 33) + 6 + -139 + 7 + -7
-145
Calculate 1 + 1 - (1605 + -1647).
44
What is -26 - -31 - 49 - -47?
3
Evaluate -14 + 98 - (52 + 18).
14
What is (13 - 7 - (-6 + -4 + 13 - -6)) + 7?
4
Evaluate (36 + -53 - (3 - 4)) + -2 + -7.
-25
(-287 - -401) + (-33 - -28) + 1 + -15
95
What is (-12 - (8 + -6 + (12 - 27))) + -27?
-26
Calculate -45 + 16 - (-36 + 0) - (-14 - 0).
21
Calculate 43 + 19 + -46 + -9 + 68.
75
What is -15 + 19 + -32 + 74?
46
Calculate 11 + -163 + 64 + -4 + 4 + -4 + 13.
-79
What is the value of 9 - (76 - (-2 + 2 - (61 - 53) - -10))?
-65
Calculate -15 - (5 + -9 + 18 + -29).
0
What is the value of -19 + 60 - 29 - (43 + 0 + 0)?
-31
Evaluate 260 - 341 - (1 + -54).
-28
What is the value of 10 + -21 - -1 - (4 - (51 + (3 - -5)))?
45
What is the value of -23 + (-86 - -32) - -51?
-26
Calculate (-16 + 45 - 22) + 22 + -8 + -39.
-18
42 + -17 - (143 - 129) - ((2 - 3) + -59)
71
Evaluate -7 - (12 + (-9 + 24 - 44)) - -8.
18
Evaluate 81 + 2 + -10 + 15 + -222 + 242.
108
What is 30 - ((-5 - -31) + 8) - (-54 + -1)?
51
Evaluate (-1 - (-4 + -9) - (-171 + 183)) + 47.
47
What is the value of (119 + -90 - (24 + -3)) + (0 - 1) + -79?
-72
What is -4 - (-7 - -33 - (8 + -13))?
-35
Evaluate 7 - (-37 - (-15 + -67)).
-38
What is 32 + -8 - (68 - 49)?
5
5 - ((-24 - -26) + -17 + 7)
13
Calculate (-6 - 2) + -33 - (-12 + 8 + -2).
-35
What is 40 + -74 + 54 + 19?
39
What is the value of (-2 - (0 - 43)) + -53 + (-39 - -83)?
32
What is 14 - (345 + -480 - (-1 + 1 + (-30 - -20)))?
139
What is the value of -12 + (29 - 6) + (5 - -1 - 35 - -2)?
-16
Calculate 5 - (-4 + (36 - (-11 - -17)) - (-1 - -3)).
-19
What is -12 + 2 + -4 + (43 - 15)?
14
Calculate (24 + (-5 - -1) - 11 - 25) + -58.
-74
What is the value of -22 + -1 + (-78 - -82) + -24?
-43
Calculate -16 + (58 - 29) + -4 + -22 + 1.
-12
Calculate -5 - (2 - (87 - (-13 + 29))) - (-2 + 17).
49
5 + (61 + -35 - (-6 - -23))
14
What is the value of 30 + (20 - 55) + -118 + 8?
-115
What is -94 + 59 + -17 - -114?
62
Evaluate 13 + 11 + (18 + -49 - -59).
52
What is (-56 - (0 - 8)) + 2 + -30 + (1 - -2)?
-73
What is 40 - (-5 - -3) - -13 - (-17 + 3)?
69
Evaluate (62 - -36) + 2 + 19 + 1.
120
Evaluate -15 - (-73 - (-6 + -3 + -17)).
32
Calculate 12 + -27 + (-13 - -8) - 35.
-55
What is the value of -9 + 2 + (-3 + -5 - 9) + 109?
85
What is the value of 24 + -11 - (-23 + (6 - (-3 + 2)))?
29
Calculate (-3 - (-2 + 4)) + (-34 - (72 - 67)).
-44
Evaluate (-17782 - -17650) + 124 + -1.
-9
What is the value of (3 - (-1 + 0) - -26) + -184 + 174?
20
Evaluate (-177 - -8 - -94) + 41.
-34
335 + -254 - (42 - 1)
40
-4 - (-68 - (-12 + 1)) - (7 - -11 - 17)
52
What is -26 - (-37 - (-21 + 9)) - 12?
-13
62 - (-2 + -13 + 8 - (-19 - -20))
70
What is the value of (113 - 48 - 34) + 51?
82
Calculate -80 - (19 + 82 + -116).
-65
What is the value of -1 - -28 - (18 - (-13 + 1) - 20)?
17
Calculate -8 + -1 - ((2 - 0 - 115) + 38).
66
What is the value of (1360 - 1271) + (0 - -4) + 21?
114
Evaluate 3 + (3 - -3 - 12) + 3 + -6.
-6
(5 - -28) + -21 + -1 + (3 - 12)
2
What is -9 + (-4 + 14 - -7) - 55?
-47
What is (2 - 25) + (4032 - 3958)?
51
Calculate (-37 - -47 - (-5 - 3) - 9) + -10.
-1
(44 - 1 - -2) + 44 + (13 - 64)
38
What is 214 + -15 + -367 - (-40 + 1)?
-129
What is the value of 45 + -109 + 57 - (2 - 90)?
81
Evaluate -25 + -1 - (18 + -4 - 13) - 5 - 9.
-41
-37 + (-22 - -27) - -47
15
What is the value of 99 + 5 + -35 + 18 - 9?
78
Calculate -21 + (48 - -23) - 94.
-44
Calculate -4 - 2 - (78 + -38) - -6.
-40
116 - (9 - (-102 - -81)) - (1 - (-1 - 5))
79
Calculate 3 - (36 - 44 - ((-36 - 4) + -3)).
-32
What is (-21 - -5 - -16) + (6 - -5) - 7?
4
Calculate (-33 - (-8 - 91)) + (-4 - (9 + -4)).
57
What is -3 - (-9 + -36) - (31 - -3)?
8
Evaluate (18 - (17 + 29)) + 4.
-24
What is the value of -72 + (-59 - -28 - -72)?
-31
What is -721 + 717 - ((-3 - 1) + -14)?
14
What is the value of 40 + 35 + -7 + -8 + -3 + 1?
58
-2 - -21 - (-22 + (17 - (-3 - 0)))
21
What is the value of 36 + (-61 - -8) + (9 - -1)?
-7
What is the value of -74 - (-37 - (24 - 8))?
-21
-32 - (39 + 30 - 46)
-55
What is 9 + -18 + 64 + -15?
40
124 + -196 + 118 - 102
-56
Calculate -7 - (-1 + 5 - 1 - 3) - (2843 - 2819).
-31
Calculate (40 - 32) + 1 + -1 - 11.
-3
-228 + 251 - (-15 - -11)
27
Evaluate -36 + 73 + -106 - -96.
27
Evaluate -1 + 0 + -29 + (-3074 - -3038).
-66
Evaluate 12 + (-29 - (25 - 36)) + -19.
-25
-18 + (4 + 7 - 19) + 0 + -12
-38
What is the value of -158 - 1 - (-17848 - -17818)?
-129
Evaluate 2 - -41 - (-6 + -5 + 4 + 15 + -4).
39
Calculate (21 - -18) + 1 - 18 - 47.
-25
What is the value of (19 - 23) + 0 + 17 + (-15 - -49)?
47
Evaluate -16 + (42 + 0 - (954 - 910)).
-18
-10 + (27 - -11) + -74
-46
What is 3 + 0 - (-373 + 373) - -8 - -58?
69
What is 8 - (33 - (5 + 32)) - 123?
-111
What is -1079 + 1170 + 7 + -35?
63
What is 9 + (0 + -9 - -7) - (5 + -18)?
20
What is the value of 82 + (9 + -1 - (-36 - -43 - 18))?
101
What is the value of 0 + 9 - (-76 + 60 + (47 - 50))?
28
What is 22 - (84 + -51) - -51?
40
What is -3 + -14 + (-37 - -46) + -27?
-35
Evaluate -24574 - -24514 - (78 - 1).
-137
Evaluate 2 - (13 - (-3 + 12 + -4)) - 0 - 77.
-83
(29 - 52) + 84 + -106
-45
Calculate (-73 - -7) + (35 - -87).
56
What is the value of 1 - (-1 + 53) - (0 - (124 - 130))?
-57
Evaluate (-117 - (0 + -6)) + 0 - (126 - 59 - 73).
-105
What is the value of (0 + 0 - 13) + (122 + 22 - 137)?
-6
What is -4 + (-15 + 0 + (-50 - -46) + 9 - 23)?
-37
What is 4 + (-20 - ((6 - (0 - -1)) + 345 + -352))?
-14
What is -2 - (-13 - 6 - (5 - 66))?
-44
What is (-14 - -29) + (7 - -7) - -9?
38
What is the value of -82 - (-91 + (49 - 7))?
-33
Calculate 35 + 6 + -3 + (-111 + 26 - -97).
50
Evaluate -689 + 677 - (0 - (58 - 1)) - 1.
44
What is the value of 4 - -1 - (18 - (-9 + -18) - (5 + 1))?
-34
Calculate -8590 - -8619 - (107 - 0).
-78
Calculate (2 - 6) + -145 + 158 + -29.
-20
What is the value of -19 + (293 - 273 - (-1 - 1)) - (129 + -1)?
-125
What is the value of (-36 - -4 - -44) + -34?
-22
-1 + -4 - ((-8 - -19) + 41 - 20)
-37
-54 + (-439 + 468 - (46 - 1))
-70
What is the value of -3 - -42 - (-122 - -41 - -86)?
34
Calculate -21 - (-14 - 0) - -8 - 28 - 11.
-38
Evaluate -5 + 7 + -16 + (41 - -9) + (1 - -1).
38
-1 + -36 + 873 + -775
61
Calculate -13 - (-6 - 61) - (-15 - -19) - -2.
52
5 + (-51 - (-2 - -9 - (14 - (-4 - -5))))
-40
(5 - 2) + -10 - (-213 - -206)
0
12 + -14 + 142 + -15 - 18
107
What is the value of (92 - (12 + 72)) + 31?
39
Calculate 5 + (2 + -6 + 5 + -2 - (162 - 180)).
22
Evaluate -39 + 65 + -29 + 5 - -19.
21
What is the value of (-63 - 2 - (41 + -63)) + -3?
-46
Calculate (1 - -96) + (41 - 2) + (-2 - -36) + -65.
105
Calculate -1 + (18 - 99) + 132.
50
Calculate -43 + 86 + -51 + (-5 - 1 - 4 - -3).
-15
What is the value of -48 - 90 - (-19 + (-12 - -12))?
-119
What is the value of 15 + 2 + (10 - (-9 - -25 - -86))?
-75
-179 + 20 - (-37 + -12) - (-3 - -2 - 6)
-103
Calculate 4 - -29 - (3